et t(b) = -1006*b + 3274. List the prime factors of t(3).
2
Let f(o) = -3*o + o**3 + 7*o**2 - 2*o**2 + 11*o**2 + 17*o - 12. Let t be f(-15). Suppose 0 = -a - 5*i + 16 + 41, t*i = -3*a + 231. List the prime factors of a.
2, 41
Let w(p) = 3*p**3 + 6*p - 874 + 2034 + p**2 - p**3. List the prime factors of w(0).
2, 5, 29
Let s(a) = 19*a - 109. Let v be s(-13). Let t = v + 513. What are the prime factors of t?
157
Let y(h) = 860*h - 1674. What are the prime factors of y(19)?
2, 7333
List the prime factors of 2803 + 0 - 138/(-15 - 8).
53
Let f = 4337 + 14395. List the prime factors of f.
2, 3, 7, 223
Let d = -18 - -21. Let n be (-4)/d*(-4 - (-2 - -1)). Suppose 38 = n*y - 250. What are the prime factors of y?
2, 3
Let t(v) = -5*v - 55. Let d be t(-8). What are the prime factors of 478 - (d + 8 + -1)?
2, 3
Suppose 6*v + 8 = 56. Suppose 4*t - 4268 = 4*a, 3*a - 5 = -v. List the prime factors of t.
2, 13, 41
Suppose 711060 = 32*j - 9*j + 12*j. List the prime factors of j.
2, 3, 1693
Suppose 3*o + 148890 = 3*p, 148818 = 3*p - 31*o + 36*o. What are the prime factors of p?
11, 13, 347
Let q be 1/(-4)*(-5 + -15). List the prime factors of (552/5 + 0)/(1/q).
2, 3, 23
Suppose -30*g + 37 = -23. Suppose -g*r + 5328 = 3*i - 137, -9083 = -5*i + 3*r. List the prime factors of i.
17, 107
Let q(l) = -6*l - 15. Let h be q(-13). Let k be (-189)/(-14) + 3/(-6). Let o = h - k. What are the prime factors of o?
2, 5
Let c(q) = -3*q**2 - 24*q - 10. Let d be c(-7). Suppose d*t - 15*t + 32 = 0. Suppose -705 = -t*s + 111. List the prime factors of s.
2, 3, 17
What are the prime factors of ((-1004120)/(-90) + (-1)/(-9))/1?
3, 3719
Let u be (-12 + 15)/((165/(-50))/(-11)). What are the prime factors of 2790/12*36/u?
3, 31
Suppose -6*p = 2*p - 360. Let o = 66 - p. Suppose u = g + o + 23, -144 = -3*u - 3*g. What are the prime factors of u?
2, 23
Let h(m) = 62*m**2 + 17. Let v(f) = f**2 - f. Let p(n) = h(n) + 4*v(n). List the prime factors of p(3).
599
Suppose -4*s + 70*t - 72*t = -148, 0 = -t - 2. Let b be -1 - (-129 - 2/1). Let k = b - s. List the prime factors of k.
2, 23
Let p(y) = -3*y**2 - 30*y - 25. Let t be p(-9). Suppose 985 = t*r - 101. What are the prime factors of r?
3, 181
Suppose -2*u - 1 = p, 2*u + 27 - 11 = 2*p. Suppose -7*b = -2*b + 3*v - 6319, -2509 = -2*b + p*v. Suppose b + 306 = 7*d. What are the prime factors of d?
2, 7
Let b = -54 + 59. Suppose 5*v = 5*r + 575, 4*v - b*r - 462 = -0*r. Suppose -f + v = -2*q + 14, 0 = 4*f - 3*q - 371. What are the prime factors of f?
89
List the prime factors of (31396/(-94))/((-5 + 8)*(-2)/111).
37, 167
Let x be 11/22*(3 + 3). Suppose -n - 1182 + 293 = -2*z, -n = x. List the prime factors of z.
443
List the prime factors of ((-60316)/272)/(1/(-36)).
3, 887
Let y(q) = 10*q - 5. Let m be y(6). Let p = 53 - m. List the prime factors of (-2 + 3)/((-1)/p) + 66.
2, 17
Let y be 8/(-60) - ((-28210)/75 + -5). Let t = y + -27. What are the prime factors of t?
2, 3, 59
Suppose 3*h - 5*g + 5 - 10 = 0, -22 = -4*h - g. Suppose 0*k + h*w = -5*k + 2900, 3*w = -12. What are the prime factors of k?
2, 73
Suppose -78*p = 34*p - 4916016. List the prime factors of p.
3, 4877
Suppose 21*r - 10436 = 11320. Suppose 0 = -3*x + r + 662. List the prime factors of x.
2, 283
Suppose -5*a - 78437 = -461422. What are the prime factors of a?
76597
Suppose -178353 = -65*b + 117952 - 9720. List the prime factors of b.
4409
Let h(l) = 2*l**3 - 21*l**2 + 33*l + 136. What are the prime factors of h(18)?
2, 5, 13, 43
Let u be (0 + (5 - 2))*88672/(-816). Suppose -2*m + 0 + 8 = 0, 0 = -3*j + m - 574. Let w = j - u. List the prime factors of w.
2, 17
List the prime factors of (81 - -3)/(74/185).
2, 3, 5, 7
Let v = -7495 + 7112. Let a be 2/8*14*-46. Let h = a - v. List the prime factors of h.
2, 3, 37
Let p(q) = -q**3 + 80*q**2 - 77*q - 913. What are the prime factors of p(73)?
29, 1061
Let v = 1068 - -185. List the prime factors of v.
7, 179
Suppose v = w - 9840, 14636 = 2*w + 5*v - 5030. List the prime factors of w.
2, 4919
Let s = -1313 - -2034. Let o = s - 62. What are the prime factors of o?
659
Let k = 15 - 10. Suppose -5*w + 3*w - 210 = -3*a, k*a - 2*w = 346. What are the prime factors of a?
2, 17
Let g(d) = 1874*d - 997. List the prime factors of g(19).
53, 653
Let q(w) = 2*w**3 - 72*w**2 - 56*w - 23. Suppose 0 = 5*d + c - 184, 152 = -11*d + 15*d - 4*c. List the prime factors of q(d).
643
Let w = 282 + -277. Suppose -w*c + 1176 = -2274. List the prime factors of c.
2, 3, 5, 23
Let a = -162 - -83. List the prime factors of 6 + -1 - (a - 0).
2, 3, 7
Let l(w) = -10*w**3 - 2*w**2 - w + 2. Let n be l(1). Let q(g) = g**3 + 10*g**2 - 10*g + 11. Let z be q(n). Suppose 5*t + z = 405. List the prime factors of t.
3
Let w(c) = -c**2 - 31*c - 3. Let u be w(-24). Suppose -u - 199 = -2*a. List the prime factors of a.
2, 7, 13
Suppose 3*w - 23910 = 1527. List the prime factors of w.
61, 139
Let x(g) be the third derivative of -g**5/60 - 37*g**4/24 - 11*g**3/2 - 74*g**2. List the prime factors of x(-16).
3, 101
Let l(z) = -45*z - 6. Let j be l(-6). Let x = j + -85. What are the prime factors of x?
179
Let c(v) = -3*v - 21. Let l be c(-8). Let k be ((-188)/4)/((-1)/l). Suppose 5*g = 24 + k. List the prime factors of g.
3, 11
What are the prime factors of 4/1 + -2*(-41935)/10?
3, 2797
Let o(a) = 49*a - 1774. What are the prime factors of o(109)?
3, 29, 41
Let x be 0 + 3/1 - -784. Suppose 7*l + 262 = x. Let q = l + -71. What are the prime factors of q?
2
Suppose -11 + 15 = -4*x. List the prime factors of (52 - -4)/7*(-28)/x.
2, 7
Suppose 32041 + 24614 = 5*t. What are the prime factors of t?
3, 1259
Let v(x) = 8*x**3 - 127*x**2 + 27*x + 89. What are the prime factors of v(21)?
41, 457
Let a = 7 - 3. Suppose a*v - g - 259 = 0, -2*v - 5*g + 8*g = -127. List the prime factors of v.
5, 13
Let b be (8/(-10))/(7/(-315)). Let w be (-126)/b*8/(-7). Let p(q) = 3*q**2 - 2*q + 2. List the prime factors of p(w).
2, 3, 7
Suppose -858 = 24*u + 15*u. Let l(q) = -28*q + 90. What are the prime factors of l(u)?
2, 353
Let t(c) = 522*c**3 + 3*c**2 - 25*c + 44. What are the prime factors of t(2)?
2, 3, 17, 41
Let p(c) = c**3 - c**2 + c - 1. Let k be p(5). Suppose -71*a = -38*a + 2013. Let y = k + a. List the prime factors of y.
43
What are the prime factors of (6 + (-1676)/12)/(5/(-210))?
2, 7, 401
Suppose 4*a - 1260 = 1728. Let u(l) = 4*l**2 - 20*l - 3. Let x be u(14). Let o = a - x. List the prime factors of o.
2, 3, 41
Let g = 68 - 110. Let y be (-3)/(-6) + g/(-12). What are the prime factors of 1*(-4)/y*-173?
173
Let k(w) = 5*w**2 + 48*w + 239. What are the prime factors of k(-38)?
5, 7, 23
Let h be 4/10*(139 + -4). What are the prime factors of (1 + (-178 - 1))*(-27)/h?
89
Let g = 20592 + -11046. List the prime factors of g.
2, 3, 37, 43
Let t = 18421 - 7733. What are the prime factors of t?
2, 167
Let l be (9/18 - (-22)/(-12))*474. Let b be l/(-10)*((-3)/6 + 3). Suppose 4*z - 2*n - 130 = 0, -5*z + 2*n + b = 4*n. List the prime factors of z.
2
Let t = 9887 + 17900. List the prime factors of t.
37, 751
Let s be 11033/4 - 6/24. Suppose 27*k + s = 34*k. List the prime factors of k.
2, 197
Let y(m) = 370*m**2 + 13*m - 235. List the prime factors of y(10).
5, 47, 157
Let c = 14554 - 7124. What are the prime factors of c?
2, 5, 743
Suppose 4*o = 7*l - 8*l + 2502, 2*l = -4*o + 2504. List the prime factors of 2/(-25) - (-782550)/o.
2, 313
Let o(d) = d**2 - 22*d + 17. Let a be o(-7). Suppose a*q + 1631 = 227*q. What are the prime factors of q?
233
Let s be -3*4/6*(-2 + 1). Suppose 4*l - 145 = 5*i, i = -s*i - 15. List the prime factors of (-21 - (0 - -1))/((-4)/l).
3, 5, 11
Suppose -2*p = 3*p + 3*v + 68, 3*v = 2*p + 44. Let k(j) = 2*j**2 + 22*j - 20. What are the prime factors of k(p)?
2, 5, 7
Let o(k) = -18*k - 1. Let c be o(-1). Suppose -c = -6*d + 1. Suppose -d*y = -7*y + 56. What are the prime factors of y?
2, 7
List the prime factors of (2100/360*(-16)/5)/(2/(-633)).
2, 7, 211
Let a(c) be the third derivative of c**4/12 - c**3/3 - 5*c**2. Let h be a(3). Suppose h*g - 450 = -2*g. What are the prime factors of g?
3, 5
Suppose 0 = 7*l - 3*l - 61910 - 35126. What are the prime factors of l?
17, 1427
Suppose 0 = y - b + 500, 5*y = y + b - 1994. Let j = -287 - y. What are the prime factors of j?
211
Le